7*v + 86. Determine p(9).
797
Let w(g) = -34*g**3 - 201*g**2 - 7*g - 93. Calculate w(-6).
57
Let u(v) = 23*v**3 - 123*v**2 - 13*v + 89. What is u(6)?
551
Let l(f) = 21*f**2 - 75*f - 427. What is l(-6)?
779
Let l(i) = -2*i**2 - 18564*i - 10029330. Calculate l(-576).
-18
Let w(g) = -2*g**3 + 277*g**2 + 22801*g + 361. Give w(-58).
-45
Let y(n) = -1434*n - 4563. Calculate y(-3).
-261
Let w(u) = u**3 + 754*u**2 + 8213*u + 29714. Give w(-743).
-6
Let t(v) = v**3 - 229*v**2 - 2072*v + 642. Determine t(-9).
12
Let x(a) = -24*a + 2030. Calculate x(35).
1190
Let i(h) = h**2 - 2012*h + 286175. Calculate i(154).
43
Let t(l) = -40*l**2 + 156*l - 938. Calculate t(6).
-1442
Let v(i) = 12918*i - 2751579. Determine v(213).
-45
Let u(r) = -5*r**2 - 1373*r - 3360. What is u(-272)?
176
Let l(w) = -w**2 - 702*w + 205117. What is l(222)?
-11
Let x(w) = -w**2 + 620*w - 8421. Give x(14).
63
Let y(h) = -123517*h - 6422885. Determine y(-52).
-1
Let w(d) = 2742*d - 534741. Give w(195).
-51
Let d(r) = 11*r**2 + 12788*r - 77128. Give d(6).
-4
Let d(h) = -h**3 - 70*h**2 - 497*h + 353. Calculate d(-9).
-115
Let k(g) = g**2 + 17*g - 1174. Determine k(-46).
160
Let h(n) = 64*n**2 - 1027*n + 2570. Calculate h(13).
35
Let s(d) = -21047*d + 22. What is s(0)?
22
Let d(c) = 3*c**2 - 2722*c - 519688. Determine d(-162).
8
Let v(k) = -12*k**3 - 176*k + 881. Give v(5).
-1499
Let q(l) = -13*l**3 + 348*l**2 + 685*l - 20. Give q(-2).
106
Let m(x) = x**3 + 75*x**2 + 1269*x - 60. Calculate m(-49).
185
Let m(h) = 1912*h - 17522. Give m(7).
-4138
Let q(y) = 3*y**2 + 4*y - 151. Calculate q(0).
-151
Let f(p) = -2*p**2 + 113613*p + 8987903. Give f(-79).
-6
Let b(h) = 10*h**2 - 142*h - 127. Determine b(13).
-283
Let l(y) = -91*y**2 + 3165*y + 707. Give l(35).
7
Let o(i) = -5870*i + 217195. Calculate o(37).
5
Let o(p) = -723*p - 26390. Determine o(-37).
361
Let k(q) = q**3 - 29*q**2 - 291*q - 42. Give k(37).
143
Let o(k) = -8*k**2 - 391*k - 2107. Give o(-42).
203
Let w(i) = i**2 - 205*i + 11260. What is w(118)?
994
Let p(t) = -3870*t**2 - 3878*t - 2. What is p(-1)?
6
Let s(j) = 4088*j + 40763. Determine s(-10).
-117
Let s(o) = -5260*o**2 + 21057*o - 62. Determine s(4).
6
Let k(v) = v**3 + 39*v**2 + 546*v + 1898. What is k(-5)?
18
Let j(c) = -3*c**3 + 17*c**2 - 235*c + 1105. Determine j(5).
-20
Let b(h) = -391*h + 4874. Determine b(16).
-1382
Let x(q) = 596*q + 1779. Give x(-2).
587
Let n(w) = -22614*w - 338290. What is n(-15)?
920
Let y(k) = 379*k**2 + 281*k + 280. Determine y(-1).
378
Let r(n) = 390*n - 15093. Determine r(37).
-663
Let q(v) = -8*v**2 - 888*v + 638. Give q(-112).
-258
Let r(o) = 44*o**3 - 61*o**2 + 67*o - 9. Determine r(4).
2099
Let z(u) = 3*u**2 + 1149*u - 3395. What is z(-386)?
79
Let p(o) = 1785894*o + 7143573. What is p(-4)?
-3
Let c(j) = 41*j**2 + 946*j + 31. Calculate c(-3).
-2438
Let y(l) = -l**3 - 6*l**2 + 10985*l + 21990. Give y(-2).
4
Let m(n) = -251*n + 12486. Give m(50).
-64
Let u(t) = 2*t**2 + 5403*t - 4745679. Determine u(698).
23
Let w(f) = f**3 - 62*f**2 + 2904*f - 251546. Determine w(71).
7
Let m(t) = -3*t**2 + 89*t + 68. What is m(30)?
38
Let b(u) = 3*u**3 - 189*u**2 - 805*u + 40. Determine b(67).
-27
Let s(a) = a**3 - 15*a**2 - 20*a - 120. Calculate s(15).
-420
Let w(t) = -t**3 - 197*t**2 - 2021*t + 4663. What is w(-186)?
13
Let u(a) = -a**3 - 3*a**2 - 157*a - 1815. Calculate u(-12).
1365
Let s(l) = -10561*l - 242893. What is s(-23)?
10
Let u(w) = 44516*w + 44661. Determine u(-1).
145
Let l(n) = n**3 - 57*n**2 + 788*n - 2597. Determine l(14).
7
Let v(q) = q**3 - 364*q**2 + 4*q + 287. What is v(0)?
287
Let x(q) = 140*q - 3243. What is x(31)?
1097
Let j(f) = -2*f**3 + 1109*f**2 + 1731*f - 35047. Give j(556).
-19
Let t(n) = -n**2 - 1400*n + 90626. What is t(62)?
-18
Let o(q) = -48861*q - 928348. Give o(-19).
11
Let n(s) = s**3 - 18*s**2 - 10*s + 431. Calculate n(18).
251
Let t(z) = -8*z**3 + 2*z**2 + 68*z - 245. Determine t(3).
-239
Let y(g) = -g**3 + 91*g**2 - 518*g + 522. Give y(85).
-158
Let r(v) = v**2 + 387*v - 6056. Determine r(15).
-26
Let c(j) = -1304*j - 10668. Calculate c(-7).
-1540
Let x(o) = -o**3 + 14*o**2 + 992*o + 1872. What is x(-24)?
-48
Let l(t) = -7410*t + 963664. Give l(130).
364
Let w(g) = g**3 - 31*g**2 + 122*g + 276. Determine w(27).
654
Let g(n) = n**3 - 28*n**2 - 834*n + 111. What is g(46)?
-165
Let o(w) = 2314*w - 522960. Give o(226).
4
Let o(j) = j**3 - 8*j**2 - 84*j - 193. Give o(-4).
-49
Let o(z) = -140*z - 1181. Calculate o(-15).
919
Let j(r) = -14*r**3 - 226*r**2 - 75*r - 163. Determine j(-16).
525
Let f(a) = 25*a + 833. Determine f(-19).
358
Let f(c) = 8*c**3 + 12*c**2 - 52*c - 408. Give f(-6).
-1392
Let g(l) = l**3 - 890*l**2 - 11717*l - 19872. Determine g(903).
-6
Let j(k) = 6262*k - 93864. Calculate j(15).
66
Let k(c) = -646*c**3 + 12*c**2 + 54*c - 67. Give k(1).
-647
Let c(n) = n**2 - 200*n + 8484. Calculate c(131).
-555
Let m(y) = -2946*y - 150317. Determine m(-51).
-71
Let t(n) = 452*n + 7593. Calculate t(-20).
-1447
Let c(j) = -j**3 - 15*j**2 - 68*j - 249. What is c(-10)?
-69
Let s(i) = -25*i**2 + 15257*i - 19592. Calculate s(609).
-104
Let s(j) = -265*j - 26976. Give s(-102).
54
Let f(d) = 3141*d - 18781. What is f(6)?
65
Let o(l) = 15*l**2 - 6*l + 147. Calculate o(0).
147
Let i(x) = -x**2 - 370*x - 6819. What is i(-20)?
181
Let j(q) = -478*q**2 - 40149*q + 287. Calculate j(-84).
35
Let d(f) = 287182*f - 574353. Give d(2).
11
Let l(x) = -2*x**3 - 171*x**2 + 5780*x + 469. Determine l(26).
1
Let n(r) = 36732*r - 1432592. What is n(39)?
-44
Let j(r) = -4*r**2 - 5268*r + 96107. Calculate j(18).
-13
Let h(j) = 15*j**3 + 5322*j**2 - 1063*j + 490. Give h(-355).
-220
Let g(c) = -5*c**2 + 1023*c + 493169. Give g(-228).
5
Let a(l) = l**3 - 9*l**2 + 80*l - 1707. Calculate a(13).
9
Let m(d) = d**3 - 26*d**2 + 78*d + 212. What is m(22)?
-8
Let t(x) = 2720*x**2 + 92495*x + 512. What is t(-34)?
2
Let h(f) = -f**3 + 33*f**2 - 59*f - 166. Give h(31).
-73
Let w(j) = -j**3 + 28*j**2 - 145*j + 61. What is w(11)?
523
Let t(s) = -s**3 - 15*s**2 + 75*s - 85. What is t(4)?
-89
Let p(w) = -w**2 - 1613*w - 196857. What is p(-133)?
-17
Let r(j) = -1300*j + 10318. Give r(9).
-1382
Let g(w) = 644*w + 64742. Determine g(-101).
-302
Let p(g) = 74*g**3 - 2*g**2 - 70*g + 70. What is p(1)?
72
Let x(y) = y**3 + 186*y**2 + 1217*y - 36850. Calculate x(-178).
-4
Let g(d) = 252*d**2 - 53173*d + 191. Give g(211).
-20
Let d(g) = -2*g**2 - 377*g - 11111. Calculate d(-31).
-1346
Let d(h) = -9*h**2 + 461*h + 265. What is d(54)?
-1085
Let c(o) = -964*o + 27590. Calculate c(28).
598
Let x(d) = 28*d - 3525. Determine x(25).
-2825
Let d(i) = 3085*i - 24700. What is d(8)?
-20
Let r(j) = 121803*j - 6942770. Calculate r(57).
1
Let n(g) = 89*g**3 + 2493*g**2 + 17*g - 195. Calculate n(-28).
113
Let g(o) = 765*o**2 - 9942*o - 16. Calculate g(13).
23
Let v(t) = -2422*t + 1266710. What is v(523)?
4
Let m(j) = -j**3 - 14*j**2 + 329*j + 1872. What is m(-7)?
-774
Let x(q) = -6*q + 326. Give x(2).
314
Let l(o) = o**2 + 1047729*o + 7334060. Determine l(-7).
6
Let d(y) = -74*y**2 + 133*y + 544. Determine d(-4).
-1172
Let j(h) = 62615*h - 3631673. Calculate j(58).
-3
Let y(f) = -6*f**2 - 5750*f + 34584. What is y(6)?
-132
Let i(j) = -j**2 + 208*j - 10824. Give i(102).
-12
Let m(s) = 3914*s + 931556. Determine m(-238).
24
Let z(t) = -t**3 + 29*t**2 + 2449*t - 72568. Give z(30).
2
Let t(p) = 11*p**3 - p**2 + 34*p + 164. Determine t(-3).
-244
Let w(c) = -c**2 - 97*c - 383. Determine w(-71).
1463
Let f(n) = n**3 + 47*n**2 + 151*n + 9184. Give f(-48).
-368
Let h(z) = -155*z**3 + 49*z**2 + 44*z - 5. Give h(-1).
155
Let f(o) = -o**3 - 8*o**2 + 1254*o - 1010. Determine f(-40).
30
Let y(r) = 215520*r + 1293177. Give y(-6).
57
Let u(g) = -11*g**2 - 52*g + 363. Calculate u(7).
-540
Let j(y) = -15*y**3 - 46*y**2 - 44*y - 208. Determine j(-4).
192
Let x(j) = -4453*j - 22238. What is x(-5)?
27
Let n(m) = -m**2 + 1209*m + 20835. What is n(-17)?
-7
Let c(z) = -2*z**3 + 78*z**2 + 895*z + 1945. Give c(-3).
16
Let u(p) = -257*p**2 + 17995*p - 341. Determine u(70).
9
Let j(n) = -7060*n - 28364. Calculate j(-4).
-124
Let a(r) = 1294*r + 4276. Calculate a(-2).
1688
Let j(b) = b**3 + 10*b**2 + 780*b + 6237. What is j(-8)?
125
Let s(d) = -302504*d - 605003. Calculate s(-2).
5
Let a(d) = -d**3 - 68*d**2 - 